{"id":89,"date":"2018-07-08T01:17:29","date_gmt":"2018-07-07T23:17:29","guid":{"rendered":"http:\/\/uwojtka.com.pl\/?page_id=89"},"modified":"2025-11-19T22:11:21","modified_gmt":"2025-11-19T21:11:21","slug":"o-nas","status":"publish","type":"page","link":"https:\/\/uwojtka.com.pl\/","title":{"rendered":"O Nas"},"content":{"rendered":"<div class=\"fcbkbttn_buttons_block\" id=\"fcbkbttn_right\"><div class=\"fcbkbttn_button\">\n\t\t\t\t\t<a href=\"https:\/\/www.facebook.com\/Chata-u-Wojtka-102516795218949\" target=\"_blank\">\n\t\t\t\t\t\t<img decoding=\"async\" src=\"https:\/\/uwojtka.com.pl\/wp-content\/plugins\/facebook-button-plugin\/images\/large-facebook-ico.png\" alt=\"Fb-Button\" \/>\n\t\t\t\t\t<\/a>\n\t\t\t\t<\/div><\/div><p style=\"text-align: center;\"><strong>\u00a0 \u00a0\u00a0<\/strong><\/p>\n<p style=\"text-align: center;\"><img loading=\"lazy\" decoding=\"async\" class=\"wp-image-171 size-full aligncenter\" src=\"https:\/\/uwojtka.com.pl\/wp-content\/uploads\/2021\/02\/asd.jpg\" alt=\"\" width=\"1024\" height=\"685\" srcset=\"https:\/\/uwojtka.com.pl\/wp-content\/uploads\/2021\/02\/asd.jpg 1024w, https:\/\/uwojtka.com.pl\/wp-content\/uploads\/2021\/02\/asd-300x201.jpg 300w, https:\/\/uwojtka.com.pl\/wp-content\/uploads\/2021\/02\/asd-768x514.jpg 768w\" sizes=\"auto, (max-width: 1024px) 100vw, 1024px\" \/><\/p>\n<div id=\"page-zones__main-widgets__text1\" class=\"widget content\" data-uniqueid=\"page-zones__main-widgets__text1\">\n<div class=\"bk-content-text js-text-content wysihtml-editor-content\">\n<h2>Opis obiektu<\/h2>\n<\/div>\n<\/div>\n<div id=\"page-zones__main-widgets__responsivecolumns1\" class=\"widget responsivecolumns columns-two-50-50\" data-uniqueid=\"page-zones__main-widgets__responsivecolumns1\">\n<section id=\"page-zones__main-widgets__responsivecolumns1-zones__column\" class=\"bk-zone column columns-two-left\" data-uniqueid=\"page-zones__main-widgets__responsivecolumns1-zones__column\">\n<div class=\"widget content\" data-uniqueid=\"page-zones__main-widgets__responsivecolumns1-zones__column-widgets__text1\">\n<div class=\"widget content\" data-uniqueid=\"page-zones__main-widgets__responsivecolumns1-zones__column-widgets__text1\">\n<div class=\"bk-content-text js-text-content wysihtml-editor-content\">\n<p>Zapraszamy do nowego domu go\u015bcinnego zbudowanego z pi\u0119knej czerwonej ceg\u0142y oraz z drewna w Niechorzu.<\/p>\n<p><strong>Dom Go\u015bcinny &#8220;U Wojtka&#8221; <\/strong>znajduje si\u0119 blisko <strong>Nowego<\/strong>\u00a0<strong>Dworca Kolejowego w Niechorzu<\/strong>.<\/p>\n<p>Tury\u015bci doceniaj\u0105 u nas czysto\u015b\u0107 powietrza i pi\u0119kno krajobrazu. Dom znajduje si\u0119 500 m od\u00a0<strong>Latarni Morskiej w Niechorzu znajduj\u0105cej si\u0119 nad brzegiem morza Ba\u0142tyckiego.\u00a0<\/strong><\/p>\n<p style=\"text-align: left;\"><strong>Pokoje <\/strong><strong>s\u0105 <\/strong><strong>z:<\/strong><\/p>\n<\/div>\n<\/div>\n<\/div>\n<ul>\n<li style=\"text-align: left;\">\u0142azienkami,<\/li>\n<li style=\"text-align: left;\">telewizorem,<\/li>\n<li style=\"text-align: left;\">aneksem kuchennym wraz lod\u00f3wk\u0105<\/li>\n<li>w salce og\u00f3lnodost\u0119pnej na parterze jest kominek<\/li>\n<\/ul>\n<\/section>\n<\/div>\n<div id='gallery-1' class='gallery galleryid-89 gallery-columns-3 gallery-size-thumbnail'><dl class='gallery-item'>\n\t\t\t<dt class='gallery-icon landscape'>\n\t\t\t\t<a href='https:\/\/uwojtka.com.pl\/wp-content\/uploads\/2023\/04\/339476953_735750544897350_5348339622329816148_n.jpg'><img loading=\"lazy\" decoding=\"async\" width=\"150\" height=\"150\" src=\"https:\/\/uwojtka.com.pl\/wp-content\/uploads\/2023\/04\/339476953_735750544897350_5348339622329816148_n-150x150.jpg\" class=\"attachment-thumbnail size-thumbnail\" alt=\"\" srcset=\"https:\/\/uwojtka.com.pl\/wp-content\/uploads\/2023\/04\/339476953_735750544897350_5348339622329816148_n-150x150.jpg 150w, https:\/\/uwojtka.com.pl\/wp-content\/uploads\/2023\/04\/339476953_735750544897350_5348339622329816148_n-162x162.jpg 162w\" sizes=\"auto, (max-width: 150px) 100vw, 150px\" \/><\/a>\n\t\t\t<\/dt><\/dl><dl class='gallery-item'>\n\t\t\t<dt class='gallery-icon landscape'>\n\t\t\t\t<a href='https:\/\/uwojtka.com.pl\/wp-content\/uploads\/2023\/04\/340604902_175724448718209_6582821815662347563_n.jpg'><img loading=\"lazy\" decoding=\"async\" width=\"150\" height=\"150\" src=\"https:\/\/uwojtka.com.pl\/wp-content\/uploads\/2023\/04\/340604902_175724448718209_6582821815662347563_n-150x150.jpg\" class=\"attachment-thumbnail size-thumbnail\" alt=\"\" srcset=\"https:\/\/uwojtka.com.pl\/wp-content\/uploads\/2023\/04\/340604902_175724448718209_6582821815662347563_n-150x150.jpg 150w, https:\/\/uwojtka.com.pl\/wp-content\/uploads\/2023\/04\/340604902_175724448718209_6582821815662347563_n-162x162.jpg 162w\" sizes=\"auto, (max-width: 150px) 100vw, 150px\" \/><\/a>\n\t\t\t<\/dt><\/dl><dl class='gallery-item'>\n\t\t\t<dt class='gallery-icon landscape'>\n\t\t\t\t<a href='https:\/\/uwojtka.com.pl\/wp-content\/uploads\/2023\/04\/340793453_189177760580086_7559058240640344853_n.jpg'><img loading=\"lazy\" decoding=\"async\" width=\"150\" height=\"150\" src=\"https:\/\/uwojtka.com.pl\/wp-content\/uploads\/2023\/04\/340793453_189177760580086_7559058240640344853_n-150x150.jpg\" class=\"attachment-thumbnail size-thumbnail\" alt=\"\" srcset=\"https:\/\/uwojtka.com.pl\/wp-content\/uploads\/2023\/04\/340793453_189177760580086_7559058240640344853_n-150x150.jpg 150w, https:\/\/uwojtka.com.pl\/wp-content\/uploads\/2023\/04\/340793453_189177760580086_7559058240640344853_n-162x162.jpg 162w\" sizes=\"auto, (max-width: 150px) 100vw, 150px\" \/><\/a>\n\t\t\t<\/dt><\/dl><br style=\"clear: both\" \/>\n\t\t<\/div>\n\n<div class=\"widget content\" data-uniqueid=\"page-zones__main-widgets__responsivecolumns1-zones__column-widgets__text1\">\n<div class=\"widget content\" data-uniqueid=\"page-zones__main-widgets__responsivecolumns1-zones__column-widgets__text1\">\n<div class=\"bk-content-text js-text-content wysihtml-editor-content\">\n<p><strong>Udogodnienia dla go\u015bci:<\/strong><\/p>\n<\/div>\n<\/div>\n<\/div>\n<ul>\n<li>akceptacja zwierz\u0105t<\/li>\n<li>Internet<\/li>\n<li>Mo\u017cliwo\u015b\u0107 korzystania z grilla<\/li>\n<li>\u0142azienka i kuchnia w pokoju<\/li>\n<li>parking<\/li>\n<li>Mo\u017cliwo\u015b\u0107 korzystania z og\u00f3lnodost\u0119pnej pralki<\/li>\n<li>TV w pokoju<\/li>\n<\/ul>\n<p style=\"text-align: center;\">Zapraszamy serdecznie!<\/p>\n\n\n<p><\/p>\n","protected":false},"excerpt":{"rendered":"<p>\u00a0 \u00a0\u00a0 Opis obiektu Zapraszamy do nowego domu go\u015bcinnego zbudowanego z pi\u0119knej czerwonej ceg\u0142y oraz z drewna w Niechorzu. Dom Go\u015bcinny &#8220;U Wojtka&#8221; znajduje si\u0119 blisko Nowego\u00a0Dworca Kolejowego w Niechorzu. Tury\u015bci doceniaj\u0105 u nas czysto\u015b\u0107 powietrza i pi\u0119kno krajobrazu. Dom znajduje si\u0119 500 m od\u00a0Latarni Morskiej w Niechorzu znajduj\u0105cej si\u0119 nad brzegiem morza Ba\u0142tyckiego.\u00a0 Pokoje [&hellip;]<\/p>\n","protected":false},"author":1,"featured_media":0,"parent":0,"menu_order":0,"comment_status":"closed","ping_status":"closed","template":"","meta":{"jetpack_post_was_ever_published":false,"footnotes":""},"class_list":["post-89","page","type-page","status-publish","hentry"],"jetpack_sharing_enabled":true,"jetpack_shortlink":"https:\/\/wp.me\/Pa3EXD-1r","_links":{"self":[{"href":"https:\/\/uwojtka.com.pl\/index.php\/wp-json\/wp\/v2\/pages\/89","targetHints":{"allow":["GET"]}}],"collection":[{"href":"https:\/\/uwojtka.com.pl\/index.php\/wp-json\/wp\/v2\/pages"}],"about":[{"href":"https:\/\/uwojtka.com.pl\/index.php\/wp-json\/wp\/v2\/types\/page"}],"author":[{"embeddable":true,"href":"https:\/\/uwojtka.com.pl\/index.php\/wp-json\/wp\/v2\/users\/1"}],"replies":[{"embeddable":true,"href":"https:\/\/uwojtka.com.pl\/index.php\/wp-json\/wp\/v2\/comments?post=89"}],"version-history":[{"count":22,"href":"https:\/\/uwojtka.com.pl\/index.php\/wp-json\/wp\/v2\/pages\/89\/revisions"}],"predecessor-version":[{"id":330,"href":"https:\/\/uwojtka.com.pl\/index.php\/wp-json\/wp\/v2\/pages\/89\/revisions\/330"}],"wp:attachment":[{"href":"https:\/\/uwojtka.com.pl\/index.php\/wp-json\/wp\/v2\/media?parent=89"}],"curies":[{"name":"wp","href":"https:\/\/api.w.org\/{rel}","templated":true}]}}